ppose -h + 5 = d, h - 3*d = -2*h + 3. Suppose 4*l - 130 = -2*a, -h*a = -2*a + 1. Is l prime?
False
Let n be 84/(-10)*(-10)/3. Let c = 7 + -25. Let v = c + n. Is v a composite number?
True
Let q be 6 + (-1)/1 + -1. Suppose -5*o - 75 = 3*k, k + 21 = -3*o + q*k. Let h = o + 31. Is h a composite number?
False
Let i be ((-7)/7)/(2/(-4)). Suppose a + a = i*q + 606, 917 = 3*a - q. Is a a composite number?
False
Let y(o) = 13*o**2 + 1. Suppose 5*a = 15, -3*r - 3*a + 2*a = 0. Let t be y(r). Let i = t + 5. Is i composite?
False
Let g = -32 + 297. Is g a prime number?
False
Suppose -s + 10 = 5*t, -2*s + 20 = -2*t - 3*t. Let z = 6 - s. Is 196/9 + z/(-18) a prime number?
False
Let s be (-4602)/(-14) + (-16)/(-56). Is s + -4*1/(-2) a composite number?
False
Let c be 2/(-3) - 6356/(-21). Suppose 3*w - 5*w = 2*h - 228, 0 = -3*h + 5*w + c. Is h a composite number?
False
Let t(m) = m - 1. Let u(h) = 19*h + 6. Let n(j) = -5*t(j) - u(j). Is n(-2) composite?
False
Let l be -6*((-48)/9)/(-2). Is (-682)/(-8) + 4/l a composite number?
True
Let y be ((-4)/8)/((-1)/(-6)). Let i be 2/y*33/(-1). Suppose -92 = -2*k - i. Is k composite?
True
Let i be 26/14 - 2/(-14). Suppose -t = i*t - 9, -3*v = t - 420. Is v a prime number?
True
Suppose 4*v - 2*w - 30 = 0, -2*v + 4*w = -3*v - 15. Let z be 1/((-14)/v + 3). Suppose z = b + 1. Is b a composite number?
True
Suppose -105 = k - 0*k. Let w = k + 149. Suppose 0*p + p = 3*i + 13, -2*p + w = 3*i. Is p a prime number?
True
Suppose 0*q - q = -33. Is q a prime number?
False
Let p = -99 + -185. Is 2/(2 - (-560)/p) prime?
True
Suppose 15 = 3*b + f + 3*f, -15 = -3*b + 2*f. Let r = 5 - b. Suppose 3*t + 5*k - 212 = r, 2*t + 2*k + 45 = 193. Is t a composite number?
False
Let x(z) = 8*z**2 + 16*z + 13. Is x(-10) a prime number?
True
Let c = 575 - 286. Is c a composite number?
True
Suppose 0*p - 12*p = -9084. Is p composite?
False
Let q(u) = -u**2 - 3*u + 2. Let r be q(-4). Let h = r + 9. Is h a composite number?
False
Suppose z = -y, 0 = -3*z + z. Suppose -k + 5*k - 2492 = y. Is k composite?
True
Let j(c) = 3*c**3 - 2*c**2 + 7*c + 2. Let p(a) = a**2 + 7*a - 2. Let w be p(-8). Let k be j(w). Suppose -305 = -5*s + k. Is s a prime number?
False
Suppose 0 = -3*k - 2*k + 2*o + 1191, -3*k + 727 = 5*o. Is k prime?
True
Let r(q) be the first derivative of 2*q**3/3 + q**2 - 5*q + 1. Is r(11) a prime number?
False
Suppose -16457 = -5*q + 2*h, -q - 4*h + 1015 = -2294. Is q composite?
True
Suppose -2*n - 1980 = n. Let k = 82 - n. Let x = k - 389. Is x a composite number?
False
Suppose 2*l + 323 = t, 327 = t + 3*l - 4*l. Is t a composite number?
False
Let u(c) = -188*c + 11. Is u(-5) prime?
False
Suppose 7*c - 3*c - 32 = 5*l, 3*l + 18 = 2*c. Suppose c*o - 13 = -4. Suppose a + o*d = 1 + 18, 0 = 4*a + 5*d - 83. Is a a prime number?
False
Let z = -75 + -57. Let q = 226 + z. Is q prime?
False
Let s(g) = -6*g**2 + 7*g - 6. Let l be s(4). Suppose 5*d - 4*y - 769 = 0, y + 326 = 2*d + 4*y. Let r = d + l. Is r a composite number?
False
Suppose 4*q - 3*q - 585 = -2*t, -2981 = -5*q + 4*t. Is q prime?
True
Let k(i) = -2*i - 4. Let b be k(-5). Let y(w) = -w**3 + 7*w**2 - 2*w - 5. Is y(b) composite?
False
Let o = 6955 + -3774. Is o prime?
True
Suppose 0 = -a + 5*g + 3, -2*a + g + 12 = 2*a. Is 11 - 0/(-2 + a) a composite number?
False
Suppose -4*p + 6 = 4*g + 14, 31 = -3*g + 2*p. Let i = g + 10. Is i a prime number?
True
Suppose 0 = y - 2 - 5. Let u = -5 + y. Suppose -2*x + 0*o + 156 = u*o, -162 = -2*x + 4*o. Is x a prime number?
True
Suppose -20*k + 5988 = -16*k. Is k prime?
False
Suppose 5*z - 4 = -14, 4*g = -4*z + 4. Suppose -g*s + 0*s = -534. Is s prime?
False
Suppose -10 = -5*p + 3*s, 3*s = p - 0*p - 14. Is 53*p/(-3)*3 prime?
True
Let t = 214 - 113. Suppose 0 = -5*q + 2*q + 30. Suppose -n + t = q. Is n prime?
False
Let d(k) be the third derivative of -13*k**4/24 + k**3/3 + 2*k**2. Is d(-7) a prime number?
False
Let g(u) = 2*u**2 + 3*u + 3. Let r(n) = n**2 + 2*n + 3. Let k(o) = 5*g(o) - 6*r(o). Is k(2) a prime number?
True
Let o = 6 + -2. Suppose 0*w = -o*w + 136. Is w/(((-4)/(-2))/2) a composite number?
True
Suppose 0*b + 3*b = 105. Is b composite?
True
Suppose 60 + 18 = 3*m. Let v = -12 + m. Suppose -q + 2*q = v. Is q a prime number?
False
Let p = 6 - 2. Let t be p/(8/14) - 2. Let j(r) = 82*r + 3. Is j(t) a prime number?
False
Is (6/4)/(21/742) a composite number?
False
Is (-422)/(-3)*(-6)/(-4) a composite number?
False
Let u(n) = n**2 - 7*n + 5. Let a be u(7). Suppose 5*j + 1105 = a*w, -4*j = -1 - 7. Is w a prime number?
True
Let v(u) = u**3 + 35*u**2 - 52*u - 55. Is v(-36) a composite number?
False
Suppose -21 = 3*q - 5*q + s, -3*q + 34 = -4*s. Is q a composite number?
True
Suppose -t = -2*d - 8 - 223, 2*t = -5*d - 573. Let u = d + 75. Let a = -3 - u. Is a a prime number?
True
Let w(q) = 19*q + 27. Is w(13) a composite number?
True
Let k be 5/((-48)/47 + 1). Let v = k + 358. Is v composite?
True
Suppose 2*a = -f - 18, 8*a - 3*a = -f - 39. Let r = -2 - a. Suppose -r*i + 2*h = -104 - 77, 5*h - 47 = -i. Is i composite?
False
Let c(o) = 48*o**2 - 4*o - 4. Let w be c(4). Suppose 3*b = 7*b - w. Is b a prime number?
False
Let s(a) = a**2 - 4*a - 1. Let j be s(5). Suppose -j*c + 5*m - 15 + 42 = 0, m - 3 = -2*c. Suppose -y + c + 32 = -2*b, 0 = y - 3*b - 31. Is y a composite number?
False
Let z = 571 + -331. Let l = z + -127. Is l a composite number?
False
Suppose -i = 3*p - 158, -4*i + 407 = -2*p - 225. Is i composite?
True
Suppose 0 = -5*q + 52 + 78. Let s = q + -6. Let u = -1 + s. Is u a prime number?
True
Let q = -412 - -821. Is q a prime number?
True
Suppose -r - q + 359 = -6*q, -2*q = -4*r + 1436. Is r composite?
False
Let p(w) = -29*w**2 + 4*w + 1. Let r(n) = 29*n**2 - 3*n - 1. Let f(y) = 4*p(y) + 5*r(y). Is f(-2) a composite number?
False
Let t = 103 - 84. Is t a composite number?
False
Let s(o) = 72*o**2 - 1. Let g be s(1). Suppose -5*f = -2*u + 210, 3*u = -f - 4*f - 185. Let z = g + f. Is z a prime number?
True
Let h(s) = -s**3 + 2*s**2 - 2*s - 5. Let u(l) = -3*l**2 - 9*l - 6. Let y be u(-3). Is h(y) composite?
True
Suppose 11 = -2*h + 453. Is h prime?
False
Let y(j) = 170*j + 21. Is y(6) prime?
False
Let a(v) be the first derivative of -v**4/4 + 8*v**3/3 - v**2/2 - 2*v - 1. Let h be a(6). Suppose n = -3*t + 49 + h, 3*t = 3*n + 105. Is t a prime number?
True
Let g(l) = -l**3 - l**2 + l + 1. Let o(c) = c**3 + 7*c**2 + 5*c - 8. Let w(p) = 2*g(p) + o(p). Let z be w(6). Suppose z = -0*q - 3*q + 57. Is q prime?
True
Let j(g) = g + 8. Let s be j(-6). Suppose 3*f - 345 = -s*f. Is f a composite number?
True
Let s be (2/5)/(5/75). Let f = s - -6. Is (4/f)/((-2)/(-222)) prime?
True
Let q(f) = 2*f**2 + 3*f + 7. Suppose -v - 3 - 5 = 0. Is q(v) a composite number?
True
Let g(r) = -r + 3. Let h be g(3). Suppose -3*s + 546 = 3*z, 5*s - 4*z = -h*s + 874. Is s composite?
True
Is (-1 + 112)*(-50)/(-30) prime?
False
Let v(g) = g**2 - g - 2. Let a be v(3). Suppose -j + a*j = 6. Is (j/(-6))/((-2)/318) composite?
False
Let z(q) = -q**3 - 8*q**2 - 8*q + 2. Let x be z(-8). Let v = 1 + x. Is v a composite number?
False
Suppose 0 = -p - 1 + 3, 5*p = -2*n - 26. Is (3 - 0 - n) + -2 prime?
True
Let n = -8 - -11. Is -5 + n + (37 - 2) composite?
True
Let n(a) = a**3 - 7*a**2 + 7*a. Let h be (-2)/(-3) - (-78)/(-9). Let l = h - -14. Is n(l) a prime number?
False
Suppose 29 = -x + 4*l - 131, -5*x - l = 716. Let i = -75 - x. Is i a composite number?
True
Let f be 6/(-1 + 0/(-3)). Let h be (-2)/(-4) - 45/f. Is 84/h + 2/(-4) a composite number?
True
Let d = 0 + 0. Suppose 3*x - 4*q - 154 = d, 0 = -4*q - 0*q - 16. Suppose x = 4*b - 30. Is b prime?
True
Suppose -6*x + 6 = -4*x. Suppose x*j - 1351 = -4*c, -433 = -j + 3*c - 0*c. Is j a composite number?
True
Let u = -11 - -16. Suppose 0*x = u*x - 20. Is (-14)/(0 + x/(-10)) a composite number?
True
Suppose c = -4*c + 415. Is c prime?
True
Let f = -6 + 9. Suppose 3*l + 477 = 3*h, 4*h - l - 648 = -f*l. Is h a composite number?
True
Suppose 0 = 4*s + 16, 5*x + 3*s = 2*s - 59. Let c = -6 - x. Let g(a) = 33*a - 2. Is g(c) composite?
False
Suppose 4*r + 17202 = 2*k, 28951 = 5*k - 5*r - 14074. Is k a prime number?
True
Suppose -3*k = 4*r + 6, 3*r + 0*r + 2*k = -4. Suppose -z = 4*i - 59, 4*z - 4*i - 236 = -r*i. Is z prime?
True
Let f = -20 + 8. Let t be (